{"id":48,"date":"2025-09-17T07:22:38","date_gmt":"2025-09-17T07:22:38","guid":{"rendered":"https:\/\/www.simo.louisst.o2switch.site\/blog\/?page_id=48"},"modified":"2025-11-03T11:53:59","modified_gmt":"2025-11-03T11:53:59","slug":"projet-pro","status":"publish","type":"page","link":"https:\/\/www.simo.louisst.o2switch.site\/blog\/projet-pro\/","title":{"rendered":"Projet pro"},"content":{"rendered":"\n<p style=\"margin-top:0;margin-bottom:0;line-height:1.7;text-transform:none\">\u00c0 ce jour, mon projet professionnel n\u2019est pas encore compl\u00e8tement d\u00e9fini, mais je sais que je <\/p>\n\n\n\n<p style=\"margin-top:0;margin-bottom:0;line-height:1.7;text-transform:none\">souhaite&nbsp;<\/p>\n\n\n\n<p style=\"margin-top:0;margin-bottom:0;line-height:1.7;text-transform:none\"><strong>\u00e9voluer dans le domaine du commerce<\/strong>. C<\/p>\n\n\n\n<p style=\"margin-top:0;margin-bottom:0;line-height:1.7;text-transform:none\">\u2019est un secteur qui me pla\u00eet particuli\u00e8rement, car il repose sur le&nbsp;<strong>contact humain<\/strong>, la&nbsp;<strong>n\u00e9gociation<\/strong><\/p>\n\n\n\n<p style=\"margin-top:0;margin-bottom:0;line-height:1.7;text-transform:none\">&nbsp;et la&nbsp;<strong>recherche&nbsp;de solutions adapt\u00e9es aux <\/strong><\/p>\n\n\n\n<p style=\"margin-top:0;margin-bottom:0;line-height:1.7;text-transform:none\"><strong>besoins des clients<\/strong>. Ces aspects me motivent et correspondent \u00e0 ma personnalit\u00e9, car j\u2019aime <\/p>\n\n\n\n<p style=\"margin-top:0;margin-bottom:0;line-height:1.7;text-transform:none\">communiquer, \u00e9changer et relever de nouveaux d\u00e9fis.<\/p>\n\n\n\n<p style=\"margin-top:0;margin-bottom:0;line-height:1.7;text-transform:none\">Mon objectif, pour le moment, est de&nbsp;<strong>poursuivre mes \u00e9tudes apr\u00e8s le&nbsp;BTS NDRC<\/strong><\/p>\n\n\n\n<p style=\"margin-top:0;margin-bottom:0;line-height:1.7;text-transform:none\">&nbsp;afin d\u2019approfondir mes connaissances et d\u2019acqu\u00e9rir de<\/p>\n\n\n\n<p style=\"margin-top:0;margin-bottom:0;line-height:1.7;text-transform:none\">nouvelles comp\u00e9tences, notamment dans les domaines du&nbsp;<strong>marketing<\/strong>, de la&nbsp;<strong>vente<\/strong>&nbsp;ou du&nbsp;<\/p>\n\n\n\n<p style=\"margin-top:0;margin-bottom:0;line-height:1.7;text-transform:none\"><strong>management commercial<\/strong>. J\u2019aimerais d\u00e9couvrir<\/p>\n\n\n\n<p style=\"margin-top:0;margin-bottom:0;line-height:1.7;text-transform:none\">diff\u00e9rentes facettes du commerce afin de trouver le poste ou le secteur qui me correspondra le <\/p>\n\n\n\n<p style=\"margin-top:0;margin-bottom:0;line-height:1.7;text-transform:none\">mieux.<\/p>\n\n\n\n<p style=\"margin-top:0;margin-bottom:0;line-height:1.7;text-transform:none\">Les stages et les exp\u00e9riences professionnelles que je r\u00e9aliserai pendant ma formation vont m\u2019aider \u00e0&nbsp;<\/p>\n\n\n\n<p style=\"margin-top:0;margin-bottom:0;line-height:1.7;text-transform:none\"><strong>mieux orienter mes choix<\/strong>&nbsp;et \u00e0 construire<\/p>\n\n\n\n<p style=\"margin-top:0;margin-bottom:0;line-height:1.7;text-transform:none\">progressivement mon projet. \u00c0 travers eux, je souhaite apprendre \u00e0 travailler en \u00e9quipe, d\u00e9velopper <\/p>\n\n\n\n<p style=\"margin-top:0;margin-bottom:0;line-height:1.7;text-transform:none\">mon sens de l\u2019organisation et renforcer ma<\/p>\n\n\n\n<p style=\"margin-top:0;margin-bottom:0;line-height:1.7;text-transform:none\">confiance en moi.<\/p>\n\n\n\n<p style=\"margin-top:0;margin-bottom:0;line-height:1.7;text-transform:none\">\u00c0 long terme, je veux avant tout exercer un m\u00e9tier qui me permettra de&nbsp;<strong>garder un lien direct <\/strong><\/p>\n\n\n\n<p style=\"margin-top:0;margin-bottom:0;line-height:1.7;text-transform:none\"><strong>avec les clients<\/strong>, d\u2019\u00e9voluer dans un e<\/p>\n\n\n\n<p style=\"margin-top:0;margin-bottom:0;line-height:1.7;text-transform:none\">nvironnement dynamique et de continuer \u00e0 apprendre chaque jour dans le monde passionnant du <\/p>\n\n\n\n<p style=\"margin-top:0;margin-bottom:0;line-height:1.7;text-transform:none\">commerce.<\/p>\n\n\n\n<figure class=\"wp-block-embed is-type-video is-provider-youtube wp-block-embed-youtube wp-embed-aspect-16-9 wp-has-aspect-ratio\"><div class=\"wp-block-embed__wrapper\">\n<iframe loading=\"lazy\" title=\"Pitch commercial : r\u00e9ussissez votre pr\u00e9sentation d&#039;entreprise en 6 \u00e9tapes\" width=\"500\" height=\"281\" src=\"https:\/\/www.youtube.com\/embed\/qy-ck1sxxYU?feature=oembed\" frameborder=\"0\" allow=\"accelerometer; autoplay; clipboard-write; encrypted-media; gyroscope; picture-in-picture; web-share\" referrerpolicy=\"strict-origin-when-cross-origin\" allowfullscreen><\/iframe>\n<\/div><\/figure>\n\n\n\n<p style=\"margin-top:0;margin-bottom:0;line-height:1.7;text-transform:none\"><\/p>\n\n\n\n<p style=\"margin-top:0;margin-bottom:0;line-height:1.7;text-transform:none\">Pour en savoir plus sur la formation que je suis actuellement et comprendre comment elle m\u2019aide \u00e0 construire ce projet professionnel, je vous<\/p>\n\n\n\n<p style=\"margin-top:0;margin-bottom:0;line-height:1.7;text-transform:none\"> invite \u00e0 d\u00e9couvrir ma page d\u00e9di\u00e9e au&nbsp;<strong>BTS NDRC<\/strong>. Vous y trouverez une pr\u00e9sentation compl\u00e8te de ce dipl\u00f4me, des comp\u00e9tences qu\u2019il permet de <\/p>\n\n\n\n<p style=\"margin-top:0;margin-bottom:0;line-height:1.7;text-transform:none\">d\u00e9velopper et de la mani\u00e8re dont il pr\u00e9pare aux m\u00e9tiers du commerce d\u2019aujourd\u2019hui<\/p>\n\n\n\n<p style=\"margin-top:0;margin-bottom:0;line-height:1.7;text-transform:none\"><\/p>\n\n\n\n<div class=\"wp-block-buttons is-layout-flex wp-block-buttons-is-layout-flex\">\n<div class=\"wp-block-button has-custom-width wp-block-button__width-100\"><a class=\"wp-block-button__link wp-element-button\">formation<\/a><\/div>\n<\/div>\n","protected":false},"excerpt":{"rendered":"<p>\u00c0 ce jour, mon projet professionnel n\u2019est pas encore compl\u00e8tement d\u00e9fini, mais je sais que je souhaite&nbsp; \u00e9voluer dans le [&hellip;]<\/p>\n","protected":false},"author":1,"featured_media":0,"parent":0,"menu_order":0,"comment_status":"closed","ping_status":"closed","template":"","meta":{"_uag_custom_page_level_css":"","site-sidebar-layout":"default","site-content-layout":"","ast-site-content-layout":"default","site-content-style":"default","site-sidebar-style":"default","ast-global-header-display":"","ast-banner-title-visibility":"","ast-main-header-display":"","ast-hfb-above-header-display":"","ast-hfb-below-header-display":"","ast-hfb-mobile-header-display":"","site-post-title":"","ast-breadcrumbs-content":"","ast-featured-img":"","footer-sml-layout":"","theme-transparent-header-meta":"","adv-header-id-meta":"","stick-header-meta":"","header-above-stick-meta":"","header-main-stick-meta":"","header-below-stick-meta":"","astra-migrate-meta-layouts":"default","ast-page-background-enabled":"default","ast-page-background-meta":{"desktop":{"background-color":"var(--ast-global-color-5)","background-image":"","background-repeat":"repeat","background-position":"center center","background-size":"auto","background-attachment":"scroll","background-type":"","background-media":"","overlay-type":"","overlay-color":"","overlay-opacity":"","overlay-gradient":""},"tablet":{"background-color":"","background-image":"","background-repeat":"repeat","background-position":"center center","background-size":"auto","background-attachment":"scroll","background-type":"","background-media":"","overlay-type":"","overlay-color":"","overlay-opacity":"","overlay-gradient":""},"mobile":{"background-color":"","background-image":"","background-repeat":"repeat","background-position":"center center","background-size":"auto","background-attachment":"scroll","background-type":"","background-media":"","overlay-type":"","overlay-color":"","overlay-opacity":"","overlay-gradient":""}},"ast-content-background-meta":{"desktop":{"background-color":"var(--ast-global-color-4)","background-image":"","background-repeat":"repeat","background-position":"center center","background-size":"auto","background-attachment":"scroll","background-type":"","background-media":"","overlay-type":"","overlay-color":"","overlay-opacity":"","overlay-gradient":""},"tablet":{"background-color":"var(--ast-global-color-4)","background-image":"","background-repeat":"repeat","background-position":"center center","background-size":"auto","background-attachment":"scroll","background-type":"","background-media":"","overlay-type":"","overlay-color":"","overlay-opacity":"","overlay-gradient":""},"mobile":{"background-color":"var(--ast-global-color-4)","background-image":"","background-repeat":"repeat","background-position":"center center","background-size":"auto","background-attachment":"scroll","background-type":"","background-media":"","overlay-type":"","overlay-color":"","overlay-opacity":"","overlay-gradient":""}},"footnotes":""},"class_list":["post-48","page","type-page","status-publish","hentry"],"uagb_featured_image_src":{"full":false,"thumbnail":false,"medium":false,"medium_large":false,"large":false,"1536x1536":false,"2048x2048":false},"uagb_author_info":{"display_name":"admin","author_link":"https:\/\/www.simo.louisst.o2switch.site\/blog\/author\/admin\/"},"uagb_comment_info":0,"uagb_excerpt":"\u00c0 ce jour, mon projet professionnel n\u2019est pas encore compl\u00e8tement d\u00e9fini, mais je sais que je souhaite&nbsp; \u00e9voluer dans le [&hellip;]","_links":{"self":[{"href":"https:\/\/www.simo.louisst.o2switch.site\/blog\/wp-json\/wp\/v2\/pages\/48","targetHints":{"allow":["GET"]}}],"collection":[{"href":"https:\/\/www.simo.louisst.o2switch.site\/blog\/wp-json\/wp\/v2\/pages"}],"about":[{"href":"https:\/\/www.simo.louisst.o2switch.site\/blog\/wp-json\/wp\/v2\/types\/page"}],"author":[{"embeddable":true,"href":"https:\/\/www.simo.louisst.o2switch.site\/blog\/wp-json\/wp\/v2\/users\/1"}],"replies":[{"embeddable":true,"href":"https:\/\/www.simo.louisst.o2switch.site\/blog\/wp-json\/wp\/v2\/comments?post=48"}],"version-history":[{"count":6,"href":"https:\/\/www.simo.louisst.o2switch.site\/blog\/wp-json\/wp\/v2\/pages\/48\/revisions"}],"predecessor-version":[{"id":246,"href":"https:\/\/www.simo.louisst.o2switch.site\/blog\/wp-json\/wp\/v2\/pages\/48\/revisions\/246"}],"wp:attachment":[{"href":"https:\/\/www.simo.louisst.o2switch.site\/blog\/wp-json\/wp\/v2\/media?parent=48"}],"curies":[{"name":"wp","href":"https:\/\/api.w.org\/{rel}","templated":true}]}}